d p.
16
Let m = 1649 + -1605. Calculate the highest common factor of m and 968.
44
Suppose 0 = 3*i + 2*p - 38, -3*i + 5*p + 6 = -46. Let y(h) = -45*h**2 + 231*h + 12. Let l be y(5). Calculate the highest common divisor of l and i.
14
Suppose 3*q + m - 7 = 3, 5*q + 2*m - 15 = 0. Suppose q*i = -5*w + 220 + 95, 72 = i + 4*w. Calculate the highest common divisor of i and 40.
20
Let g(h) = 2*h**2 - 14*h - 60. Let j be g(16). Calculate the greatest common divisor of 384 and j.
12
Let z be (132/77)/(2/133). Let x = -8 + 13. Suppose -p - 186 = -x*l, -l = 4*p - 9 - 45. What is the greatest common divisor of l and z?
38
Let h be 2 - 3 - (-3 + 0). Suppose -5 = 4*k + w + 4*w, -2*w = 3*k + h. Let i be (k + 3)*12/18. Calculate the greatest common divisor of 6 and i.
2
Let y = 266 + -83. What is the greatest common factor of 3 and y?
3
Suppose 2*s - 331 = 409. Suppose 2*b + v + 16 = 254, 3*b - s = 5*v. Calculate the greatest common factor of b and 15.
15
Suppose 26*m - 21*m = 3*w + 1091, 5*w + 444 = 2*m. Calculate the greatest common factor of 7 and m.
7
Let u = 1345 + -1331. Calculate the highest common factor of u and 1526.
14
Let m(z) = z + 3*z + z + 2*z - 15. Let i be m(3). Calculate the greatest common divisor of i and 72.
6
Let p = 67 + -32. What is the greatest common factor of p and 805?
35
Let q be 1 + 9/(36/68). Calculate the highest common divisor of q and 1458.
18
Let i(y) = y**2 - 9*y - 67. Let q be i(-7). What is the greatest common factor of q and 165?
15
Let s = -61 + 149. Let v(z) = 39*z - 2017. Let k be v(52). Calculate the greatest common divisor of k and s.
11
Let x = -17 + 41. Suppose 48 = 4*v - 5*f, v + 2*f - x = -v. What is the greatest common factor of 3 and v?
3
Suppose 0*q + 4*q = 56. Let m(i) = -17*i + 19. Let v be m(-3). What is the greatest common divisor of q and v?
14
Let s(x) = 9*x**2 - 386*x - 38. Let b be s(45). Calculate the greatest common factor of 86 and b.
43
Let p be 20/16 + 3165/60. Calculate the highest common factor of p and 14.
2
Let u(n) = -2*n**3 - 3*n**2 + 4*n + 2. Let z be u(-3). Calculate the highest common factor of z and 187.
17
Let i = -21 + 91. Suppose -m - 1 = 4*p, -3*m - 3 = -2*p - i. What is the greatest common divisor of 171 and m?
19
Suppose -42*v + 1336 + 2066 = 0. What is the highest common factor of v and 18?
9
Suppose 2*q + 10 = 0, 2*u - 3*q - 1503 = -158. Calculate the greatest common divisor of u and 35.
35
Suppose 2*t - 3 = 11. Suppose r = t*r - 264. What is the highest common factor of r and 4?
4
Suppose -614 - 3522 = -47*w. What is the highest common divisor of 88 and w?
88
Suppose 0 = 4*h + 5 - 17. Suppose -o = 4*c - c - 23, 2*o - 11 = c. Suppose s - 25 = o. What is the greatest common factor of s and h?
3
Let l = 29 - 26. Suppose -y - 42 = -l*y - 2*b, -y = -b - 31. What is the greatest common divisor of 78 and y?
26
Suppose -3*k - 109 = -4*y, -155*k = -5*y - 154*k + 139. Let t be 4/18 - (-372)/27. Calculate the greatest common factor of t and y.
14
Let g = -2 - -6. Suppose 0 = -2*p + g - 0. Suppose -4*w + 23 = p*j - 141, j - w - 76 = 0. What is the highest common divisor of j and 52?
26
Let g(s) be the third derivative of -s**4/4 - 43*s**3/6 - 17*s**2. Let l be g(-18). What is the greatest common factor of 26 and l?
13
Suppose 324 - 60 = 2*g. What is the greatest common divisor of 330 and g?
66
Let c(s) = 23*s + 13. Let v be c(9). What is the highest common divisor of 20 and v?
20
Let s be (1/(-1))/((-1)/5). Let q be 0/(-1 + 1 - (-3)/(-3)). Let w be 1 + (6 - (2 - q)). Calculate the highest common divisor of w and s.
5
Suppose 4*l + 4*b - 312 = 0, l + 3*b - 70 = 2. Calculate the greatest common factor of l and 27.
27
Let o(f) = -9*f + 46. Let c be o(2). What is the highest common divisor of c and 224?
28
Suppose 71 = 3*a - 17*h + 16*h, -2*h + 2 = 0. What is the highest common divisor of a and 156?
12
Let w = 96 - 64. Suppose -4*k + 5 = -15. Suppose 3 = v - k. Calculate the highest common divisor of v and w.
8
Let z = 90 - 87. Suppose -30 = -z*w + w. Let q(m) = 5*m**2 + 3*m + 1. Let c be q(-2). What is the greatest common factor of w and c?
15
Let k(m) = m - 10. Let b be k(12). Let q = b + -2. Suppose 4*h - 9 - 39 = q. Calculate the greatest common factor of h and 12.
12
Let u(v) = -98*v - 78. Let z be u(-1). What is the greatest common divisor of 1810 and z?
10
Suppose 7 = 2*p + 5*y - 61, -p = 4*y - 40. What is the highest common divisor of p and 312?
24
Let h be 20/75*(-8 - 2)*-45. Suppose 0 = 3*a + 3*a - h. Suppose -2*c + 4*g = -3*c + 46, 5*g + 70 = 3*c. What is the greatest common divisor of c and a?
10
Let k be -31 + -1*1/(-1). Let n = k + 42. Suppose 11*m = 1720 - 400. Calculate the highest common factor of n and m.
12
Let s(j) = -2*j**3 - 30*j**2 - 7*j - 30. Let l be s(-15). What is the greatest common factor of 120 and l?
15
Suppose -4*b = -4*s - 428, 100*b = 96*b - s + 433. Suppose -i + 324 = 3*i. What is the highest common factor of b and i?
27
Let u be (-2 - -2) + 2 + -7. Let l = u - -15. Suppose -15*v + 121 + 104 = 0. Calculate the highest common divisor of l and v.
5
Let o be 6/(-8) + 1/((-4)/(-1059)). What is the greatest common factor of 120 and o?
24
Let l be (((-21)/(-14))/(-1))/(6/(-20)). Suppose q + 105 = 4*q + 5*z, -105 = -4*q + l*z. Calculate the greatest common divisor of q and 75.
15
Let z(c) = -c - 1. Let i(t) = -12*t - 4. Let k(d) = i(d) - 8*z(d). Let p be k(6). Let m = -9 - p. Calculate the greatest common divisor of 121 and m.
11
Let l be 7*(8/14 + 2). Let j be (-12)/((-39)/(-48) + -1) - -4. Let w = -23 + j. What is the greatest common factor of w and l?
9
Let j = -16 + 18. Suppose 0 = -j*w + 9 - 3. Suppose -c - w*l + 41 = -8*l, 4*l = -5*c + 176. Calculate the greatest common divisor of 36 and c.
36
Let j be (2 - (-652 + -13))*(4 - 1). What is the highest common factor of 87 and j?
87
Suppose -2*a + 0 + 6 = 0. Suppose 10 + 2 = 2*g. What is the highest common factor of a and g?
3
Suppose -5*u + 98 = q, -u - q - q = -16. Calculate the greatest common factor of 164 and u.
4
Suppose -10*x - 19*x + 3074 = 0. Calculate the highest common divisor of x and 901.
53
Let b = 304 - 275. What is the greatest common divisor of b and 1537?
29
Let q(t) = -t**3 - 3*t**2 + 10*t + 22. Let r be q(-5). Suppose 0 = -4*x + 8 - 0. Calculate the highest common divisor of x and r.
2
Let o = -6 + 9. Suppose -2*v - o*v + 270 = 0. Let r = 17 - -1. Calculate the highest common divisor of v and r.
18
Suppose 0 = 4*c + 8, -2*f - 50 - 56 = 3*c. Let r be -28*5/f*10. Let a = 202 + -6. What is the greatest common factor of a and r?
28
Let m(x) = -4*x - 8. Let v be m(-2). Suppose -3*f + 2*b + 214 = v, -6*f + 3*f + 218 = -b. Calculate the highest common factor of 37 and f.
37
Let j(m) = m**2 - 3*m - 10. Let q be j(6). Suppose -q*d + 23 = -33. What is the greatest common divisor of 28 and d?
7
Let z be (-6)/(-2) + 30/25*10. Let i = z + 20. Calculate the highest common factor of 5 and i.
5
Let a = -1226 - -1268. What is the greatest common divisor of a and 1533?
21
Let r(g) = g**3 + g**2 + 9. Let b be r(0). Let o = b + -5. Let y = -3 + o. Calculate the highest common factor of y and 11.
1
Let i(o) = o**3 + 5*o**2 - 5*o + 9. Let p be i(-6). Let y(n) = n**2 - 4*n + 7. Let m be y(p). Calculate the highest common factor of m and 28.
4
Suppose -11*v = 32*v - 1290. Calculate the greatest common divisor of 360 and v.
30
Let s = 50 + -48. Suppose s*q - 100 = 5*k, -q - k + 24 = 3*k. Calculate the highest common divisor of q and 100.
20
Let j(b) = 196*b - 499. Let v be j(5). Calculate the highest common factor of 13 and v.
13
Let i = 5 - 5. Suppose 3*k = -i*k + 6. Let j be k + 5/(20/8). What is the highest common divisor of j and 20?
4
Suppose -24*j = -701 - 1027. What is the greatest common factor of 90 and j?
18
Let f = -108 - -338. Suppose -2*u - 4*z + 3 = -43, 69 = 3*u + 4*z. What is the greatest common factor of u and f?
23
Suppose 7*y - 6 = -2*w + 3*y, -2*y = 2. Suppose 0 = -k + 4*u - 9, 3*k - w*k = -u - 3. Suppose -88 = -i - k*i. What is the highest common divisor of i and 55?
11
Suppose 0 = -6*u + 12*u - 732. Let o = 274 + u. What is the highest common factor of o and 36?
36
Let z = 69 - 59. Suppose -z*w = -4*w - 840. Let y = 11 - -9. Calculate the highest common factor of w and y.
20
Suppose 0 = -5*w 